 the tens digit of f(13)?
6
Let j be 6*(-1)/(-4)*2. Let v = j + 1. What is the units digit of v?
4
Let v(i) = -i + 7. Let k be 0/(-4)*1/2. Let t be v(k). Let x = 12 - t. What is the units digit of x?
5
Let w(l) be the third derivative of l**5/60 + l**4/6 - 4*l**3/3 + l**2. Let b be w(-6). Suppose -b*c - c + 70 = 0. What is the units digit of c?
4
Suppose -3*a - 68 - 19 = 0. Let m = 76 + a. What is the units digit of m?
7
Let b(u) = 2*u - 3. Let i be b(4). Suppose y + 4 - 19 = -3*g, -3*y + g + i = 0. Suppose 4*d - 9 = y*d. What is the units digit of d?
9
Let h(y) = -y**3 - 6*y**2 - 7*y - 7. Let d(w) = -w**3 + w**2 + w - 5. Let q = -4 - -4. Let o be d(q). What is the units digit of h(o)?
3
Suppose 2*y + 3*y + 2*f = 4, -4*f - 10 = y. Suppose d + y*w + 14 = 3*d, -d + 13 = -4*w. What is the units digit of d?
5
Let g(z) = 4*z - 2. Let o be g(4). Suppose o + 1 = b. What is the units digit of b?
5
Suppose -2*n + 6*n = 512. Suppose 7*t - n = 3*t. What is the units digit of t?
2
Let j = 22 + -21. What is the units digit of (j/(-3))/((-13)/819)?
1
Let b = 1 + 1. Suppose -3 = -c, f - b*f + 2*c = 0. What is the units digit of f?
6
Suppose c - 2*o - 10 = 27, 0 = -5*c - 3*o + 120. What is the units digit of c?
7
Let z = 138 - -137. What is the hundreds digit of z?
2
Let g be ((-1)/1)/1*0. Suppose -s = -3*q + 46, g*q + 4*s = 4*q - 64. What is the units digit of q?
5
Let p = 4 + -4. Let w = 1 - p. What is the units digit of w - 3/((-9)/12)?
5
Let i(u) = -8*u - 2. What is the units digit of i(-3)?
2
What is the tens digit of (216/42)/(1/14)?
7
Let f(q) = -25*q**3 - 11*q**2. Let b(k) = 13*k**3 + 6*k**2. Let c(s) = 11*b(s) + 6*f(s). What is the units digit of c(-1)?
7
Let o(s) = -s**3 + 2*s + 182. What is the hundreds digit of o(0)?
1
What is the units digit of 182 - (3/12)/(1/8)?
0
Let r be ((-24)/9)/(2/(-15)). Suppose -4*n = n - r. What is the units digit of (n/12)/((-3)/(-135))?
5
Suppose 3 = -3*h - 0. Let v be (15/20)/(h/(-4)). Suppose -2*o + 0 = 2*p - 4, 4*p - v*o = 36. What is the units digit of p?
6
Let s(b) = -2 - 6*b - 39*b + 8*b. What is the tens digit of s(-1)?
3
Suppose 3*o - 1128 + 297 = -3*b, -3*o - 4*b + 829 = 0. What is the hundreds digit of o?
2
Let p(m) = m**2 - m + 2. Let d be p(0). Suppose -4*x + d*x = -24. What is the tens digit of x?
1
Let m be (-1)/(-2)*2*-1. Suppose 3*b = -5 - 19. What is the units digit of m/2*b*2?
8
Let f(a) = 5*a**2 - a + 1. Let r be f(1). Suppose -q + 3 = c, -3*q = 2*q + c + r. Let i = q - -3. What is the units digit of i?
1
Let y = 26 + -40. Let j be -2 - -2 - 9 - -2. Let z = j - y. What is the units digit of z?
7
Let m(d) = -d**3 + 1. Let s be 8/(2 - 0) - 2. Suppose 2*a + 5*j + 25 = 0, s*j + 17 = 4*a + 7. What is the units digit of m(a)?
1
Suppose -3*v + 7 = -5*x + 3*x, 6 = v + 3*x. Suppose 0*i = -v*i + 36. What is the tens digit of i?
1
Let m(o) = o**2 - o - 1. Let u = -1 + 4. What is the units digit of m(u)?
5
Let u = 6 - 11. Let b(h) = -20*h**2 + h - 1. Let c be b(1). Let n = u - c. What is the units digit of n?
5
Suppose i + 64 = 3*i. What is the units digit of i?
2
Let m(x) = -x**2 - 9*x - 2. What is the tens digit of m(-6)?
1
Let b(t) = -t**3 - 5*t**2 + 4*t - 7. Let m be b(-6). Let x = m + -2. Suppose 0 = x*f + 2*f - 10. What is the units digit of f?
2
Let b(u) = -14*u - 17. Let k(l) = 5*l + 6. Let i(h) = 6*b(h) + 17*k(h). Let j be i(3). Suppose 4*c - j = 5. What is the units digit of c?
2
What is the units digit of 5/(-1)*(-37)/5?
7
Let q = -243 + 528. What is the units digit of q?
5
Let c(p) be the first derivative of -p**3/3 - 2*p**2 - 3*p - 4. Let i = -2 - 0. What is the units digit of c(i)?
1
Suppose -4*i + 8 = -20. What is the units digit of i?
7
Let g(s) = s**3 - 6*s**2 + 4*s - 1. Let w be g(5). Let d = w + 15. Suppose 4*l = -3*k + d + 23, -3*k + 4*l = -16. What is the units digit of k?
8
Suppose -107 = -5*x - 3*k, -x + 3*x - 54 = -4*k. What is the units digit of x?
9
Let c = 80 + -42. What is the tens digit of c?
3
Let g = -104 + 243. What is the hundreds digit of g?
1
Let w(q) = 9*q**3 - 6*q**2 + 4*q - 8. What is the units digit of w(3)?
3
Suppose -4 = -4*r + 4*m, 0*m = 4*r + m - 9. Suppose 5*v = -r*t - 0*v + 2, 0 = -v. Suppose -t = -0*w - w. What is the units digit of w?
1
Let s(k) = 3*k - 14. Let g be s(9). Suppose -g = -n - 0*n. What is the tens digit of n?
1
Let g = 6 + -5. Suppose -3*o + 0*o = -6. What is the units digit of -2 + g + o + 0?
1
Let n be (1 + 0)/((-1)/(-1)). Let b be (-3 - -2)/(1 + 0). Let d = n - b. What is the units digit of d?
2
Let v(s) = 5 + 1 - 4 - 3 + 14*s. What is the tens digit of v(1)?
1
Let t(k) = 4*k**3 - 2*k + 1. Let d be t(1). Suppose 0 = -3*j + 2*l + 142, -d*j - j + l = -186. What is the tens digit of j?
4
Let o = 8 - 6. Suppose -3*t + 40 = -4*k, 0*t + 2*k + 24 = o*t. What is the units digit of t?
8
Suppose -6*p - 4*r = -2*p - 20, -12 = -4*r. Suppose -2*v + 3*q - q = -56, -p*q = -3*v + 83. What is the tens digit of v?
2
Let k(r) = -r**2 - 8*r. Let w be -2*15/12*-32. Let z be (-2)/3 + w/(-15). What is the tens digit of k(z)?
1
What is the units digit of (3 - 0 - -18) + 2?
3
Let n(q) = q**2 - 11*q + 10. Let p be n(10). Suppose 3*f = -p*f + r + 23, -4*r + 12 = f. What is the units digit of f?
8
Let b be 0*(-1)/3*-1. Suppose 4*i + b*i = -8. What is the units digit of (9 + 1)*i/(-4)?
5
Suppose -s + 4*b - b + 13 = 0, 3*b - 3 = -3*s. Suppose -s*z - 1 + 4 = -3*y, 0 = 2*y + 2*z - 12. What is the units digit of y?
3
What is the units digit of 148*(3/(-4) + 1)?
7
Let y(u) = u**2 - 6*u - 3. Let q be y(7). Suppose -5*k + 2*a + 34 = 0, 3*a - q*a = k - 11. What is the units digit of k?
8
Let g = -10 - -15. Let w(h) = -h**3 + 6*h**2 - 2*h - 5. What is the tens digit of w(g)?
1
Let k(f) = f**2 - 4*f + 5. Let b be k(4). Suppose b*q = q. What is the units digit of -3*(-1 + q) + 1?
4
Let t(s) = 5*s**2 - 3*s - 3. Let p be t(3). Suppose 9 = 3*z - p. What is the units digit of z?
4
Suppose 20 = 5*x, 0 = -10*l + 5*l + x + 156. What is the units digit of l?
2
Let z(b) = -b**3 + 4*b**2 + 10*b - 7. What is the tens digit of z(5)?
1
Let d(r) = -r + 7. Let m be d(4). Suppose -2*p = m - 41. What is the units digit of p?
9
Suppose -b - b + 76 = 0. Let p = -18 + b. What is the tens digit of p?
2
Let b = 18 - 18. Suppose -3*s - 35 = 4*i - 124, -s - 5*i + 48 = b. What is the tens digit of s?
2
Suppose -2*r - 17 = -3*q - r, -q + r = -7. Suppose q*o + 0*o = 140. What is the tens digit of o?
2
Suppose -5*u + 2*n = 11 + 29, 0 = -4*u - 4*n - 32. What is the units digit of -4*(26/u - -2)?
5
Suppose 10 = 5*t + 3*o, -4*t + t = -5*o - 6. Let h be (-2)/(-4)*4*t. Suppose 0 = 5*s - 13 - 7, -4*d = h*s - 60. What is the units digit of d?
1
Let h = 220 + -131. What is the units digit of h?
9
Let c(x) = x - 15. Let m be c(13). What is the tens digit of 1/(m/(-7))*12?
4
Let d = -1 - -8. Let s(r) = -r**3 + 7*r**2 + r + 9. What is the tens digit of s(d)?
1
Let y = 5 - -24. What is the tens digit of y?
2
Suppose -3*g - 3 + 9 = 0. Let b(h) = 9*h**3 + h**2 + h - 1. Let q be b(1). Suppose q - 24 = -g*x. What is the units digit of x?
7
Let f(q) = -1. Let m(w) = -w**2 - 8*w - 19. Let b(y) = 5*f(y) - m(y). What is the units digit of b(-7)?
7
Let g(o) = 4*o**2 - 10*o + 7. Let b(z) = 3*z**2 - 9*z + 6. Let i(r) = 5*b(r) - 4*g(r). What is the units digit of i(-5)?
2
What is the tens digit of 14 + (-5)/(10/4)?
1
Let z be (-15)/(-2 - (-5 - -2)). Let d = 2 - z. What is the tens digit of d?
1
Let f be 60/27 - (-2)/(-9). Let g(y) = 13*y**3 - 2 - f + 8*y - 12*y**3 + 6 + 9*y**2. What is the units digit of g(-8)?
2
Let o(r) = -r**3 - r - 2. Let k be o(-2). Suppose 4*j - 3 = 3*v + 6, -v + 3*j = k. What is the units digit of v?
1
Let c(m) = -m**2 + m + 7. Let x(s) = 2*s**2 - s - 15. Let g(w) = -7*c(w) - 3*x(w). Let r be g(5). Suppose 3*q + r = 4. What is the units digit of q?
1
Let f(i) be the second derivative of i**4/12 + 4*i**3/3 - i**2 + 2*i. Let g be f(-9). Suppose -5*p + 13 = -g. What is the units digit of p?
4
Let u(i) = -i**2 - 7*i - 8. What is the units digit of u(-5)?
2
What is the tens digit of (-708)/(-10) + 5/25?
7
Let v(h) = -7*h**3 + h**2 - 3*h. What is the tens digit of v(-3)?
0
Suppose 0 = x - 6*u + 3*u - 12, 42 = x + 3*u. What is the tens digit of x?
2
Let r(y) = -6*y - 2. Let x(m) = 5*m + 2. Let s(f) = 2*r(f) + 3*x(f).